1272?
True
Does 21 divide 67464?
False
Is 8 a factor of 1224?
True
Does 143 divide 13871?
True
Is 3 a factor of 197?
False
Is 3095 a multiple of 22?
False
Is 126 a factor of 3281?
False
Does 5 divide 875?
True
Does 3 divide 567?
True
Is 19 a factor of 194235?
False
Is 7 a factor of 258?
False
Is 174 a multiple of 9?
False
Is 892 a multiple of 54?
False
Is 195 a multiple of 13?
True
Does 267 divide 10680?
True
Does 13 divide 1690?
True
Is 108 a factor of 15952?
False
Is 13098 a multiple of 59?
True
Is 4 a factor of 40?
True
Is 5 a factor of 1185?
True
Is 360 a multiple of 24?
True
Does 29 divide 406?
True
Does 35 divide 5495?
True
Is 22 a factor of 2354?
True
Is 7969 a multiple of 90?
False
Is 22 a factor of 67?
False
Does 68 divide 2542?
False
Is 3721 a multiple of 40?
False
Is 240 a multiple of 10?
True
Is 44720 a multiple of 13?
True
Is 203 a factor of 16423?
False
Is 3 a factor of 211?
False
Does 33 divide 943?
False
Is 78 a factor of 19968?
True
Does 346 divide 109336?
True
Is 1107 a multiple of 22?
False
Is 8813 a multiple of 112?
False
Is 54199 a multiple of 315?
False
Is 17 a factor of 451?
False
Is 209 a factor of 104709?
True
Does 12 divide 185?
False
Is 57 a factor of 10746?
False
Is 53546 a multiple of 25?
False
Is 9443 a multiple of 71?
True
Is 10 a factor of 3820?
True
Is 31251 a multiple of 22?
False
Does 22 divide 242?
True
Is 1750 a multiple of 16?
False
Is 15 a factor of 203?
False
Is 4 a factor of 5?
False
Is 6 a factor of 148?
False
Is 201 a factor of 35878?
False
Is 15 a factor of 105?
True
Is 5458 a multiple of 26?
False
Does 66 divide 1026?
False
Is 1406 a multiple of 19?
True
Does 2 divide 179?
False
Does 10 divide 379?
False
Is 3084 a multiple of 44?
False
Does 43 divide 2021?
True
Is 23 a factor of 2254?
True
Is 3703 a multiple of 6?
False
Does 207 divide 18699?
False
Does 35 divide 4667?
False
Is 22 a factor of 214?
False
Does 20 divide 23420?
True
Does 74 divide 39220?
True
Is 37 a factor of 1517?
True
Does 3 divide 2948?
False
Does 12 divide 173?
False
Is 492 a multiple of 4?
True
Is 79 a factor of 6596?
False
Does 120 divide 3808?
False
Is 161 a multiple of 7?
True
Does 10 divide 1042?
False
Does 24 divide 4080?
True
Is 196 a factor of 24149?
False
Is 10961 a multiple of 20?
False
Is 36 a factor of 13393?
False
Is 25690 a multiple of 7?
True
Does 29 divide 2523?
True
Does 6 divide 1119?
False
Is 13 a factor of 57039?
False
Does 30 divide 5829?
False
Does 9 divide 3798?
True
Does 15 divide 19170?
True
Is 1629 a multiple of 8?
False
Does 10 divide 70?
True
Is 5339 a multiple of 54?
False
Is 754 a multiple of 40?
False
Does 63 divide 1173?
False
Is 19 a factor of 61563?
False
Does 21 divide 1113?
True
Is 177 a multiple of 5?
False
Does 24 divide 9600?
True
Does 26 divide 889?
False
Is 21661 a multiple of 284?
False
Is 32 a factor of 2869?
False
Is 4 a factor of 1475?
False
Is 20 a factor of 346?
False
Is 148 a factor of 6359?
False
Is 6666 a multiple of 86?
False
Is 36 a factor of 919?
False
Is 33 a factor of 43362?
True
Is 4596 a multiple of 12?
True
Does 20 divide 40506?
False
Is 5300 a multiple of 20?
True
Does 29 divide 8178?
True
Is 69 a factor of 68749?
False
Is 2745 a multiple of 9?
True
Is 5922 a multiple of 7?
True
Is 292 a multiple of 7?
False
Is 463 a factor of 27317?
True
Does 86 divide 6546?
False
Does 20 divide 1100?
True
Does 156 divide 31980?
True
Is 19484 a multiple of 284?
False
Does 65 divide 1690?
True
Is 4 a factor of 1831?
False
Is 767 a multiple of 34?
False
Does 14 divide 1750?
True
Is 18 a factor of 111?
False
Is 1179 a multiple of 9?
True
Is 480 a multiple of 6?
True
Does 72 divide 1792?
False
Is 28656 a multiple of 18?
True
Is 11183 a multiple of 28?
False
Is 806 a multiple of 44?
False
Does 32 divide 5632?
True
Is 850 a multiple of 28?
False
Is 628 a multiple of 21?
False
Does 77 divide 32799?
False
Is 25 a factor of 3425?
True
Is 1008 a multiple of 21?
True
Does 7 divide 16991?
False
Does 19 divide 247?
True
Is 4345 a multiple of 36?
False
Is 7242 a multiple of 142?
True
Is 452 a multiple of 7?
False
Is 601 a multiple of 3?
False
Is 57 a factor of 1881?
True
Does 74 divide 1965?
False
Does 12 divide 4801?
False
Is 9 a factor of 2427?
False
Does 24 divide 1001?
False
Does 9 divide 74194?
False
Does 112 divide 67338?
False
Is 3296 a multiple of 33?
False
Does 13 divide 3713?
False
Does 13 divide 2268?
False
Is 100 a multiple of 11?
False
Does 27 divide 1053?
True
Is 32 a factor of 9376?
True
Does 7 divide 819?
True
Does 17 divide 53601?
True
Does 8 divide 4616?
True
Is 2619 a multiple of 9?
True
Is 256 a multiple of 25?
False
Does 46 divide 4186?
True
Is 134 a factor of 31734?
False
Is 2 a factor of 13103?
False
Does 149 divide 52371?
False
Is 14 a factor of 252?
True
Is 4 a factor of 46?
False
Is 1365 a multiple of 72?
False
Is 8064 a multiple of 126?
True
Is 36 a factor of 836?
False
Does 99 divide 3663?
True
Is 6 a factor of 188?
False
Does 70 divide 1540?
True
Is 22545 a multiple of 27?
True
Does 10 divide 847?
False
Is 30 a factor of 840?
True
Is 86458 a multiple of 278?
True
Is 1179 a multiple of 15?
False
Is 10 a factor of 8880?
True
Is 104 a factor of 11282?
False
Is 475 a multiple of 77?
False
Does 4 divide 825?
False
Does 21 divide 210?
True
Is 11604 a multiple of 17?
False
Is 7326 a multiple of 33?
True
Does 13 divide 5175?
False
Is 3906 a multiple of 6?
True
Is 269 a multiple of 2?
False
Is 15 a factor of 195?
True
Is 14353 a multiple of 8?
False
Is 27 a factor of 1959?
False
Is 54904 a multiple of 138?
False
Is 113 a factor of 2751?
False
Is 169 a factor of 38500?
False
Is 7937 a multiple of 89?
False
Does 15 divide 55815?
True
Is 45 a factor of 1810?
False
Is 52817 a multiple of 47?
False
Is 1900 a multiple of 16?
False
Is 4119 a multiple of 45?
False
Is 106 a factor of 7102?
True
Is 9 a factor of 893?
False
Is 1428 a multiple of 17?
True
Does 55 divide 9350?
True
Is 19424 a multiple of 23?
False
Is 4 a factor of 24?
True
Does 15 divide 3420?
True
Does 12 divide 777?
False
Does 58 divide 12064?
True
Is 300 a multiple of 30?
True
Is 804 a multiple of 15?
False
Does 58 divide 3425?
False
Is 27 a factor of 1195?
False
Does 64 divide 6272?
True
Is 3042 a multiple of 18?
True
Is 16 a factor of 2559?
False
Does 68 divide 952?
True
Does 20 divide 1220?
True
Does 2 divide 3713?
False
Does 136 divide 7016?
False
Does 22 divide 792?
True
Is 15 a factor of 12470?
False
Is 11 a factor of 1122?
True
Does 5 divide 13390?
True
Does 28 divide 5236?
True
Does 94 divide 4785?
False
Is 9 a factor of 768?
False
Is 164 a multiple of 4?
True
Does 56 divide 375?
False
Does 35 divide 2345?
True
Is 10 a factor of 9330?
True
Is 13 a factor of 1432?
False
Is 4 a factor of 125?
False
Is 12 a factor of 29087?
False
Is 9193 a multiple of 57?
False
Does 112 divide 1856?
False
Does 14 divide 1638?
True
Is 11887 a multiple of 44?
False
Is 22847 a multiple of 154?
False
Does 41 divide 71750?
True
Does 12 divide 5576?
False
Is 103 a factor of 4096?
False
Does 19 divide 4826?
True
Is 36 a factor of 589?
False
Does 103 divide 824?
True
Is 1490 a multiple of 17?
False
Does 9 divide 3325?
False
Is 40 a factor of 120?
True
Is 55 a multiple of 4?
False
Is 142 a factor of 5374?
False
Does 12 divide 1997?
False
Is 16434 a multiple of 33?
True
Is 411 a multiple of 46?
False
Does 18 divide 198?
True
Is 30 a factor of 42255?
False
Does 54 divide 540?
True
Is 9 a factor of 12177?
True
Is 4045 a multiple of 38?
False
Does 60 divide 11447?
False
Is 24 a factor of 912?
True
Does 29 divide 2117?
True
Is 75 a factor of 4200?
True
Is 46 a factor of 1748?
True
Does 44 divide 6336?
True
Is 32 a factor of 4265?
False
Is 5 a factor of 5399?
False
Is 29479 a multiple of 93?
False
Does 13 divide 2587?
True
Is 4601 a multiple of 12?
False
Is 31897 a multiple of 9?
False
Does 16 divide 101?
False
Does 49 divide 21086?
False
Does 77 divide 20642?
False
Is 28 a factor of 3780?
True
Is 134 a factor of 97356?
False
Is 3 a factor of 7648?
False
Does 24 divide 411?
False
Is 2910 a multiple of 12?
False
Does 161 divide 4474?
False
Is 100 a factor of 18600?
True
Does 5 divide 35?
True
Is 2028 a multiple of 13?
True
Is 114 a multiple of 6?
True
Is 1050 a multiple of 7?
True
Is 71080 a multiple of 160?
False
Is 4731 a multiple of 32?
False
Is